{"id":6835,"date":"2026-05-15T11:07:55","date_gmt":"2026-05-15T08:07:55","guid":{"rendered":"https:\/\/tampereunited.fi\/juniorit\/?page_id=6835"},"modified":"2026-05-15T11:07:55","modified_gmt":"2026-05-15T08:07:55","slug":"toimintaohje-lasten-turvallisuuden-varmistamiseksi","status":"publish","type":"page","link":"https:\/\/tampereunited.fi\/juniorit\/toimintaohje-lasten-turvallisuuden-varmistamiseksi\/","title":{"rendered":"Toimintaohje lasten turvallisuuden varmistamiseksi"},"content":{"rendered":"\n<p>Urheiluseuramme tavoitteena on tarjota kaikille lapsille ja nuorille turvallinen, kannustava ja<br>hyvin johdettu harrastusymp\u00e4rist\u00f6. T\u00e4m\u00e4 ohjeistus m\u00e4\u00e4ritt\u00e4\u00e4 ne toimintatavat, joilla<br>varmistamme lasten fyysisen, psyykkisen ja sosiaalisen turvallisuuden sek\u00e4 ohjaajien ja<br>toimihenkil\u00f6iden soveltuvuuden teht\u00e4viins\u00e4.<br>Ohjetta noudatetaan kaikessa lasten ja nuorten toiminnassa riippumatta siit\u00e4, toimivatko<br>ohjaajat ja valmentajat palkattuina vai vapaaehtoisina.<\/p>\n\n\n\n<p><\/p>\n\n\n\n<p><a href=\"https:\/\/tampereunited.fi\/juniorit\/wp-content\/uploads\/sites\/4\/2026\/05\/Toimintaohje-lasten-turvallisuus.pdf\" title=\"\"><strong>Tutustu ohjeeseen t\u00e4\u00e4ll\u00e4 <\/strong><\/a><\/p>\n\n\n\n<p><\/p>\n","protected":false},"excerpt":{"rendered":"<p>Urheiluseuramme tavoitteena on tarjota kaikille lapsille ja nuorille turvallinen, kannustava jahyvin johdettu harrastusymp\u00e4rist\u00f6. T\u00e4m\u00e4 ohjeistus m\u00e4\u00e4ritt\u00e4\u00e4 ne toimintatavat, joillavarmistamme lasten fyysisen, psyykkisen ja sosiaalisen turvallisuuden sek\u00e4 ohjaajien jatoimihenkil\u00f6iden soveltuvuuden teht\u00e4viins\u00e4.Ohjetta noudatetaan kaikessa lasten ja nuorten toiminnassa riippumatta siit\u00e4, toimivatkoohjaajat ja valmentajat palkattuina vai vapaaehtoisina. Tutustu ohjeeseen t\u00e4\u00e4ll\u00e4<\/p>\n","protected":false},"author":13,"featured_media":0,"parent":0,"menu_order":0,"comment_status":"closed","ping_status":"closed","template":"","meta":{"_acf_changed":false,"footnotes":"","_links_to":"","_links_to_target":""},"class_list":["post-6835","page","type-page","status-publish","hentry"],"acf":[],"aioseo_notices":[],"_links":{"self":[{"href":"https:\/\/tampereunited.fi\/juniorit\/wp-json\/wp\/v2\/pages\/6835","targetHints":{"allow":["GET"]}}],"collection":[{"href":"https:\/\/tampereunited.fi\/juniorit\/wp-json\/wp\/v2\/pages"}],"about":[{"href":"https:\/\/tampereunited.fi\/juniorit\/wp-json\/wp\/v2\/types\/page"}],"author":[{"embeddable":true,"href":"https:\/\/tampereunited.fi\/juniorit\/wp-json\/wp\/v2\/users\/13"}],"replies":[{"embeddable":true,"href":"https:\/\/tampereunited.fi\/juniorit\/wp-json\/wp\/v2\/comments?post=6835"}],"version-history":[{"count":1,"href":"https:\/\/tampereunited.fi\/juniorit\/wp-json\/wp\/v2\/pages\/6835\/revisions"}],"predecessor-version":[{"id":6836,"href":"https:\/\/tampereunited.fi\/juniorit\/wp-json\/wp\/v2\/pages\/6835\/revisions\/6836"}],"wp:attachment":[{"href":"https:\/\/tampereunited.fi\/juniorit\/wp-json\/wp\/v2\/media?parent=6835"}],"curies":[{"name":"wp","href":"https:\/\/api.w.org\/{rel}","templated":true}]}}