{"id":6228,"date":"2025-12-18T11:44:59","date_gmt":"2025-12-18T09:44:59","guid":{"rendered":"https:\/\/tampereunited.fi\/juniorit\/?page_id=6228"},"modified":"2026-02-24T17:25:56","modified_gmt":"2026-02-24T15:25:56","slug":"p9-2017","status":"publish","type":"page","link":"https:\/\/tampereunited.fi\/juniorit\/joukkueet\/edustus-2025-2026\/p9-2017\/","title":{"rendered":"P9 (2017)"},"content":{"rendered":"\n<p>Tervetuloa Tampere United P9 -edustusjoukkueen sivulle!<\/p>\n\n\n\n<p><\/p>\n\n\n\n<p><\/p>\n\n\n\n<h2 class=\"wp-block-heading has-large-font-size\">FAKTAT<\/h2>\n\n\n\n<ul class=\"wp-block-list\">\n<li>Kyseess\u00e4 on edustusjoukkue, joka on kaudella 2025-2026 tarkoitettu 2017 syntyneille pojille<\/li>\n\n\n\n<li>Harjoitukset kolme kertaa viikossa (arkisin)<\/li>\n\n\n\n<li>Tavoitteellista toimintaa, paljon treenej\u00e4 ja pelej\u00e4<\/li>\n<\/ul>\n\n\n\n<h2 class=\"wp-block-heading\">Kausimaksut<\/h2>\n\n\n\n<ul class=\"wp-block-list\">\n<li>80\u20ac\/kk = 960\u20ac\/vuosi <\/li>\n\n\n\n<li>Pelipassi, vakuutus ja seuran j\u00e4senmaksu erikseen, yhteens\u00e4 n. 82\u20ac<\/li>\n\n\n\n<li>Lis\u00e4ksi tulee kertahankintana varustepaketti, jonka hinta on noin 250\u20ac<\/li>\n\n\n\n<li>Varusteet tilataan itsen\u00e4isesti&nbsp;<a href=\"https:\/\/seurakauppa.intersport.fi\/seura\/tampere-united\/jalkapallo\/pelaajien-tuotteet\" target=\"_blank\" rel=\"noreferrer noopener\">Seurakaupasta<\/a><\/li>\n<\/ul>\n\n\n\n<p>Edustuspelaajien varustepakettiin kuuluu:<\/p>\n\n\n\n<ul class=\"wp-block-list\">\n<li>Peliasu: (<a href=\"https:\/\/seurakauppa.intersport.fi\/tuote\/tampere-united-pelaajien-tuotteet-7108\/puma-teamgoal-matchday-jersey-jr-90926\" target=\"_blank\" rel=\"noopener\" title=\"\">pelipaita<\/a>, <a href=\"https:\/\/seurakauppa.intersport.fi\/tuote\/tampere-united-pelaajien-tuotteet-7108\/puma-teamgoal-shorts-jr-89260\" target=\"_blank\" rel=\"noopener\" title=\"\">shortsit<\/a>, <a href=\"https:\/\/seurakauppa.intersport.fi\/tuote\/tampere-united-pelaajien-tuotteet-7108\/puma-liga-socks-core-68458\" target=\"_blank\" rel=\"noopener\" title=\"\">sukat<\/a>)<\/li>\n\n\n\n<li><a href=\"https:\/\/seurakauppa.intersport.fi\/tuote\/tampere-united-pelaajien-tuotteet-7108\/puma-teamgoal-matchday-jersey-jr-90931\" target=\"_blank\" rel=\"noopener\" title=\"\">Treenipaita<\/a><\/li>\n\n\n\n<li><a href=\"https:\/\/seurakauppa.intersport.fi\/tuote\/tampere-united-pelaajien-tuotteet-7108\/puma-teamgoal-training-1-4-zip-top-jr-90933\" target=\"_blank\" rel=\"noopener\" title=\"\">L\u00e4mmittelypaita<\/a><\/li>\n\n\n\n<li><a href=\"https:\/\/seurakauppa.intersport.fi\/tuote\/tampere-united-pelaajien-tuotteet-7108\/puma-teamgoal-slim-training-pants-jr-90935\" target=\"_blank\" rel=\"noopener\" title=\"\">Verkkarit<\/a><\/li>\n\n\n\n<li><a href=\"https:\/\/seurakauppa.intersport.fi\/tuote\/tampere-united-pelaajien-tuotteet-7108\/puma-teamgoal-allweather-jacket-jr-90937\" target=\"_blank\" rel=\"noopener\" title=\"Tuulitakki\">Tuulitakki<\/a><\/li>\n\n\n\n<li>Vapaaehtoisina varusteina <a href=\"https:\/\/seurakauppa.intersport.fi\/tuote\/tampere-united-pelaajien-tuotteet-7108\/puma-teamgoal-backpack-with-ball-net-88909\" target=\"_blank\" rel=\"noopener\" title=\"\">reppu<\/a> ja <a href=\"https:\/\/seurakauppa.intersport.fi\/tuote\/tampere-united-pelaajien-tuotteet-7108\/puma-teamliga-light-jacket-jr-68473\" target=\"_blank\" rel=\"noopener\" title=\"\">toppatakki<\/a><\/li>\n<\/ul>\n\n\n\n<h2 class=\"wp-block-heading\"><\/h2>\n\n\n\n<p><\/p>\n\n\n\n<h2 class=\"wp-block-heading\">OLETKO KIINNOSTUNUT LIITTYM\u00c4\u00c4N JOUKKUEESEEN?<\/h2>\n\n\n\n<p>Ota yhteytt\u00e4 joukkueenjohtajaan ja sovi tutustumisesta harjoituksiin!<\/p>\n\n\n\n<p><\/p>\n","protected":false},"excerpt":{"rendered":"<p>Tervetuloa Tampere United P9 -edustusjoukkueen sivulle! FAKTAT Kausimaksut Edustuspelaajien varustepakettiin kuuluu: OLETKO KIINNOSTUNUT LIITTYM\u00c4\u00c4N JOUKKUEESEEN? Ota yhteytt\u00e4 joukkueenjohtajaan ja sovi tutustumisesta harjoituksiin!<\/p>\n","protected":false},"author":18,"featured_media":6222,"parent":5728,"menu_order":0,"comment_status":"closed","ping_status":"closed","template":"page-templates\/junnujoukkue.php","meta":{"_acf_changed":false,"footnotes":"","_links_to":"","_links_to_target":""},"class_list":["post-6228","page","type-page","status-publish","has-post-thumbnail","hentry"],"acf":[],"aioseo_notices":[],"_links":{"self":[{"href":"https:\/\/tampereunited.fi\/juniorit\/wp-json\/wp\/v2\/pages\/6228","targetHints":{"allow":["GET"]}}],"collection":[{"href":"https:\/\/tampereunited.fi\/juniorit\/wp-json\/wp\/v2\/pages"}],"about":[{"href":"https:\/\/tampereunited.fi\/juniorit\/wp-json\/wp\/v2\/types\/page"}],"author":[{"embeddable":true,"href":"https:\/\/tampereunited.fi\/juniorit\/wp-json\/wp\/v2\/users\/18"}],"replies":[{"embeddable":true,"href":"https:\/\/tampereunited.fi\/juniorit\/wp-json\/wp\/v2\/comments?post=6228"}],"version-history":[{"count":5,"href":"https:\/\/tampereunited.fi\/juniorit\/wp-json\/wp\/v2\/pages\/6228\/revisions"}],"predecessor-version":[{"id":6638,"href":"https:\/\/tampereunited.fi\/juniorit\/wp-json\/wp\/v2\/pages\/6228\/revisions\/6638"}],"up":[{"embeddable":true,"href":"https:\/\/tampereunited.fi\/juniorit\/wp-json\/wp\/v2\/pages\/5728"}],"wp:featuredmedia":[{"embeddable":true,"href":"https:\/\/tampereunited.fi\/juniorit\/wp-json\/wp\/v2\/media\/6222"}],"wp:attachment":[{"href":"https:\/\/tampereunited.fi\/juniorit\/wp-json\/wp\/v2\/media?parent=6228"}],"curies":[{"name":"wp","href":"https:\/\/api.w.org\/{rel}","templated":true}]}}