{"id":4796,"date":"2024-09-24T10:57:29","date_gmt":"2024-09-24T07:57:29","guid":{"rendered":"https:\/\/tampereunited.fi\/juniorit\/?page_id=4796"},"modified":"2025-12-18T13:05:44","modified_gmt":"2025-12-18T11:05:44","slug":"p17-2008-2009","status":"publish","type":"page","link":"https:\/\/tampereunited.fi\/juniorit\/joukkueet\/edustus-2025-2026\/p17-2008-2009\/","title":{"rendered":"P18 (2009-2008)"},"content":{"rendered":"\n<p><\/p>\n\n\n\n<p>Tervetuloa Tampere United P18 Edustusjoukkueen sivulle!<\/p>\n\n\n\n<p><strong>TRY OUTIT! Ota yhteytt\u00e4 valmentaja Mika V\u00e4nniin ja sovi aika!<\/strong><\/p>\n\n\n\n<p>Kaudella 2025-2026 P18-Edustusjoukkue on tarkoitettu 2009- ja 2008-syntyneille pojille. Joukkueeseen otetaan mahdollisesti mukaan my\u00f6s 2007-syntyneit\u00e4 poikia (ja 2006-2007 syntyneit\u00e4 tytt\u00f6j\u00e4, jotka haluavat kovempaa haastetta).<\/p>\n\n\n\n<!--more-->\n\n\n\n<h2 class=\"wp-block-heading\">FAKTAT<\/h2>\n\n\n\n<p><\/p>\n\n\n\n<ul class=\"wp-block-list\">\n<li>Sopii pelaajille, jotka haluavat harjoitella laadukkaassa valmennuksessa muiden motivoituneiden ja tavoitteellisten pelaajien kanssa..<\/li>\n<\/ul>\n\n\n\n<h2 class=\"wp-block-heading\">Kausimaksut<\/h2>\n\n\n\n<ul class=\"wp-block-list\">\n<li>90 \u20ac\/kk = 1080 \u20ac\/vuosi (laskutus kuusi kertaa vuodessa)<\/li>\n\n\n\n<li>Pelipassi (43 \u20ac), vakuutus (230 \u20ac \/ oma vakuutus) ja seuran j\u00e4senmaksu 45 \u20ac laskutetaan erikseen<\/li>\n\n\n\n<li>Lis\u00e4ksi tulee kertahankintana varustepaketti, jonka hinta on noin 250 \u20ac.<\/li>\n<\/ul>\n\n\n\n<p>Varustepaketti sis\u00e4lt\u00e4\u00e4:<\/p>\n\n\n\n<ul class=\"wp-block-list\">\n<li>Peliasun<\/li>\n\n\n\n<li>Treenipaidan<\/li>\n\n\n\n<li>L\u00e4mmittelypaidan<\/li>\n\n\n\n<li>Verkkarit<\/li>\n\n\n\n<li>Tuulitakin<\/li>\n\n\n\n<li>Vapaaehtoisina varusteina my\u00f6s reppu ja toppatakki<\/li>\n<\/ul>\n\n\n\n<p>Ensimm\u00e4isen hankinnan j\u00e4lkeen varusteita uusitaan aina tarpeen mukaan.<\/p>\n\n\n\n<p><\/p>\n\n\n\n<h2 class=\"wp-block-heading\">OLETKO KIINNOSTUNUT LIITTYM\u00c4\u00c4N JOUKKUEESEEN?<\/h2>\n\n\n\n<p>Ota yhteytt\u00e4 vastuuvalmentajaan ja sovi tutustumisesta harjoituksiin!<\/p>\n\n\n\n<p><\/p>\n","protected":false},"excerpt":{"rendered":"<p>Tervetuloa Tampere United P18 Edustusjoukkueen sivulle! TRY OUTIT! Ota yhteytt\u00e4 valmentaja Mika V\u00e4nniin ja sovi aika! Kaudella 2025-2026 P18-Edustusjoukkue on tarkoitettu 2009- ja 2008-syntyneille pojille. Joukkueeseen otetaan mahdollisesti mukaan my\u00f6s 2007-syntyneit\u00e4 poikia (ja 2006-2007 syntyneit\u00e4 tytt\u00f6j\u00e4, jotka haluavat kovempaa haastetta).<\/p>\n","protected":false},"author":13,"featured_media":5080,"parent":5728,"menu_order":0,"comment_status":"closed","ping_status":"closed","template":"page-templates\/junnujoukkue.php","meta":{"_acf_changed":false,"footnotes":"","_links_to":"","_links_to_target":""},"class_list":["post-4796","page","type-page","status-publish","has-post-thumbnail","hentry"],"acf":[],"aioseo_notices":[],"_links":{"self":[{"href":"https:\/\/tampereunited.fi\/juniorit\/wp-json\/wp\/v2\/pages\/4796","targetHints":{"allow":["GET"]}}],"collection":[{"href":"https:\/\/tampereunited.fi\/juniorit\/wp-json\/wp\/v2\/pages"}],"about":[{"href":"https:\/\/tampereunited.fi\/juniorit\/wp-json\/wp\/v2\/types\/page"}],"author":[{"embeddable":true,"href":"https:\/\/tampereunited.fi\/juniorit\/wp-json\/wp\/v2\/users\/13"}],"replies":[{"embeddable":true,"href":"https:\/\/tampereunited.fi\/juniorit\/wp-json\/wp\/v2\/comments?post=4796"}],"version-history":[{"count":31,"href":"https:\/\/tampereunited.fi\/juniorit\/wp-json\/wp\/v2\/pages\/4796\/revisions"}],"predecessor-version":[{"id":6235,"href":"https:\/\/tampereunited.fi\/juniorit\/wp-json\/wp\/v2\/pages\/4796\/revisions\/6235"}],"up":[{"embeddable":true,"href":"https:\/\/tampereunited.fi\/juniorit\/wp-json\/wp\/v2\/pages\/5728"}],"wp:featuredmedia":[{"embeddable":true,"href":"https:\/\/tampereunited.fi\/juniorit\/wp-json\/wp\/v2\/media\/5080"}],"wp:attachment":[{"href":"https:\/\/tampereunited.fi\/juniorit\/wp-json\/wp\/v2\/media?parent=4796"}],"curies":[{"name":"wp","href":"https:\/\/api.w.org\/{rel}","templated":true}]}}