{"id":3919,"date":"2023-09-14T13:32:31","date_gmt":"2023-09-14T10:32:31","guid":{"rendered":"https:\/\/tampereunited.fi\/junnusivut22\/?page_id=3919"},"modified":"2024-10-10T12:09:47","modified_gmt":"2024-10-10T09:09:47","slug":"futisleirit","status":"publish","type":"page","link":"https:\/\/tampereunited.fi\/juniorit\/futisleirit\/","title":{"rendered":"Futisleirit"},"content":{"rendered":"\n<p>Tampere United j\u00e4rjest\u00e4\u00e4 syysloman futisleirin Pyynikin tekonurmikent\u00e4ll\u00e4 14.-16.10.2024 (ma-ke). Leiri on tarkoitettu 2017-2010 syntyneille pelaajille seuran sis\u00e4lt\u00e4 ett\u00e4 ulkopuolelta!<\/p>\n\n\n\n<p>Ilmoittautumaan p\u00e4\u00e4set <a href=\"https:\/\/docs.google.com\/forms\/d\/e\/1FAIpQLSdW42cS9XEBUSwypc_u1lQnu7BUQiesFVGMgm0wNvijBuvpTQ\/viewform?usp=sf_link\" title=\"\">t\u00e4st\u00e4<\/a>!<\/p>\n\n\n\n<h2 class=\"wp-block-heading\">Leirin henkil\u00f6kunta<\/h2>\n\n\n\n<ul class=\"wp-block-list\">\n<li>Vastuuvalmentaja: Lotta Salonen<\/li>\n\n\n\n<li>Ohjaaja: Niko Mertala<\/li>\n\n\n\n<li>Maalivahtivalmennuksen vastuuvalmentaja: Tampere Unitedin maalivahtivalmentaja Mika V\u00e4nni<\/li>\n\n\n\n<li>Ohjaaja: Diana K\u00f6ykk\u00e4<\/li>\n\n\n\n<li>Leirin yhteyshenkil\u00f6: Ville Yli-Hemminki (ville.yli-hemminki@tampereunited.fi, 041-4491500)<\/li>\n<\/ul>\n\n\n\n<h2 class=\"wp-block-heading\">P\u00e4ivitt\u00e4inen ohjelmarunko<\/h2>\n\n\n\n<ul class=\"wp-block-list\">\n<li>9.30 \u2013 10.00 valvoja paikalla \u2013 ei ohjattua toimintaa<\/li>\n\n\n\n<li>10.00 \u2013 10.30 l\u00e4mmittely + liikkuvuus- ja nopeusharjoitteet<\/li>\n\n\n\n<li>10.30 \u2013 11.00 yksil\u00f6tekninen harjoittelu vaihtuvilla teemoilla (maalivahdeilla oma ohjelma)<\/li>\n\n\n\n<li>11.05 \u2013 12.15 teknistaktiset pienpelit (maalivahdeilla oma ohjelma)<\/li>\n\n\n\n<li>12.20 \u2013 12.55 ruokailu<\/li>\n\n\n\n<li>13.00 \u2013 14.00 \u201dloppupelit\u201d<\/li>\n\n\n\n<li>14.00 \u2013 14.30 valvoja paikalla \u2013 ei ohjattua toimintaa<\/li>\n<\/ul>\n\n\n\n<p>Leirin muonituksesta vastaa Kauppahallin Kotilounas, joka toimittaa paikalle l\u00e4mpim\u00e4n aterian, salaatin sek\u00e4 leiv\u00e4t levitteineen.<\/p>\n\n\n\n<p><a href=\"https:\/\/kauppahallinkotilounas.fi\/\">Ravintola Tampere | Kauppahallin Kotilounas<\/a><\/p>\n\n\n\n<h2 class=\"wp-block-heading\">Hinta<\/h2>\n\n\n\n<p>Pelaajat 80\u20ac, maalivahdit 100\u20ac<\/p>\n\n\n\n<p><\/p>\n\n\n\n<p>*Maalivahdin ohjelmassa hinta hieman korkeampi, koska maalivahtien ohjelma ja harjoitteet toteutetaan pienemmiss\u00e4 ryhmiss\u00e4.<\/p>\n\n\n\n<p><\/p>\n","protected":false},"excerpt":{"rendered":"<p>Tampere United j\u00e4rjest\u00e4\u00e4 syysloman futisleirin Pyynikin tekonurmikent\u00e4ll\u00e4 14.-16.10.2024 (ma-ke). Leiri on tarkoitettu 2017-2010 syntyneille pelaajille seuran sis\u00e4lt\u00e4 ett\u00e4 ulkopuolelta! Ilmoittautumaan p\u00e4\u00e4set t\u00e4st\u00e4! Leirin henkil\u00f6kunta P\u00e4ivitt\u00e4inen ohjelmarunko Leirin muonituksesta vastaa Kauppahallin Kotilounas, joka toimittaa paikalle l\u00e4mpim\u00e4n aterian, salaatin sek\u00e4 leiv\u00e4t levitteineen. Ravintola Tampere | Kauppahallin Kotilounas Hinta Pelaajat 80\u20ac, maalivahdit 100\u20ac *Maalivahdin ohjelmassa hinta hieman korkeampi, [&hellip;]<\/p>\n","protected":false},"author":11,"featured_media":0,"parent":0,"menu_order":0,"comment_status":"closed","ping_status":"closed","template":"","meta":{"_acf_changed":false,"footnotes":"","_links_to":"","_links_to_target":""},"class_list":["post-3919","page","type-page","status-publish","hentry"],"acf":[],"aioseo_notices":[],"_links":{"self":[{"href":"https:\/\/tampereunited.fi\/juniorit\/wp-json\/wp\/v2\/pages\/3919","targetHints":{"allow":["GET"]}}],"collection":[{"href":"https:\/\/tampereunited.fi\/juniorit\/wp-json\/wp\/v2\/pages"}],"about":[{"href":"https:\/\/tampereunited.fi\/juniorit\/wp-json\/wp\/v2\/types\/page"}],"author":[{"embeddable":true,"href":"https:\/\/tampereunited.fi\/juniorit\/wp-json\/wp\/v2\/users\/11"}],"replies":[{"embeddable":true,"href":"https:\/\/tampereunited.fi\/juniorit\/wp-json\/wp\/v2\/comments?post=3919"}],"version-history":[{"count":21,"href":"https:\/\/tampereunited.fi\/juniorit\/wp-json\/wp\/v2\/pages\/3919\/revisions"}],"predecessor-version":[{"id":4954,"href":"https:\/\/tampereunited.fi\/juniorit\/wp-json\/wp\/v2\/pages\/3919\/revisions\/4954"}],"wp:attachment":[{"href":"https:\/\/tampereunited.fi\/juniorit\/wp-json\/wp\/v2\/media?parent=3919"}],"curies":[{"name":"wp","href":"https:\/\/api.w.org\/{rel}","templated":true}]}}