{"id":19,"date":"2017-02-05T19:58:05","date_gmt":"2017-02-05T17:58:05","guid":{"rendered":"https:\/\/tampereunited.fi\/junnut\/?page_id=19"},"modified":"2017-02-19T14:56:25","modified_gmt":"2017-02-19T12:56:25","slug":"palloliiton-kaikki-pelaa-saannot","status":"publish","type":"page","link":"https:\/\/tampereunited.fi\/juniorit\/saannot\/palloliiton-kaikki-pelaa-saannot\/","title":{"rendered":"Kaikki Pelaa"},"content":{"rendered":"<h3>Palloliiton Kaikki Pelaa -s\u00e4\u00e4nt\u00f6jen p\u00e4\u00e4kohdat<\/h3>\n<p><strong>JALKAPALLON LEIKKIMAAILMA\u00a0(11-vuotiaat ja sit\u00e4 nuoremmat tyt\u00f6t ja pojat)<\/strong><\/p>\n<p>Jalkapallon Leikkimaailmassa jokaisella tyt\u00f6ll\u00e4 ja pojalla on oikeus monipuoliseen ja turvalliseen harrastamiseen aikuisen ohjauksessa. Leikki on paras tapa oppia ja kokeilla uusia sek\u00e4 kehitt\u00e4\u00e4 aikaisemmin opittuja taitoja. Opettaminen ja monipuolisen oppimisen varmistaminen ovat ik\u00e4vaiheelle keskeisi\u00e4 tavoitteita. Toimintaa j\u00e4rjestet\u00e4\u00e4n lapsen l\u00e4ht\u00f6kohdista ja lapsia varten. Paikallisten olosuhteiden huomioiminen sek\u00e4 joustavuus erilaisten tapahtumien j\u00e4rjest\u00e4misess\u00e4 on t\u00e4rke\u00e4\u00e4. Lapsia kannustetaan harrastamaan my\u00f6s muita urheilumuotoja. Leikkimaailmassa erotuomaria kutsutaan Pelinohjaajaksi. Pelinohjaajan tulee olla v\u00e4hint\u00e4\u00e4n 2-3 vuotta pelaavien joukkueiden pelaajia vanhempi.<\/p>\n<p><strong>OPERAATIO PELIS\u00c4\u00c4NN\u00d6T<\/strong><\/p>\n<p>Jokaisessa toimintaan osallistuvassa joukkueessa tehd\u00e4\u00e4n Operaatio Pelis\u00e4\u00e4nn\u00f6t. Pelis\u00e4\u00e4nt\u00f6keskustelut k\u00e4yd\u00e4\u00e4n seuran oman kasvatuksen ja ohjauksen linjan pohjalta. Leikkimaailmaik\u00e4isten joukkueiden on sovittava ainakin Puolen PelinTakuusta, joukkueiden taustojen\/vanhempien p\u00e4ihteett\u00f6myydest\u00e4 harrastustapahtumissa sek\u00e4 varmistettava my\u00f6nteinen ja kannustava suhtautuminen muihin harrastuksiin.<\/p>\n<p><strong>PUOLEN PELIN TAKUU (PELUUTTAMINEN)<\/strong><\/p>\n<p>Puolen Pelin Takuu \u2013 s\u00e4\u00e4nt\u00f6 (=PPT) on voimassa: ennen kautta k\u00e4yt\u00e4vien pelis\u00e4\u00e4nt\u00f6keskustelujen yhteydess\u00e4 vanhempien ja pelaajien kanssa sovitaan yhdess\u00e4, miten joukkueen jokaisen pelaajan pelaaminen varmistetaan pelin, turnauksen ja kauden tasolla. Kun joukkueeseen kuuluu paljon pelaajia, se on pyritt\u00e4v\u00e4 jakamaan ottelutapahtumiin riitt\u00e4v\u00e4n moneen joukkueeseen niin, ett\u00e4 v\u00e4hint\u00e4\u00e4n PPT toteutuu kaikille. Jokainen pelaaja on kent\u00e4ll\u00e4 sek\u00e4 saa mahdollisuuksia kokeilla eri pelipaikoilla. Jos joukkueen koko pelitapahtumissa on suurempi\u00a0kuin ilmoitettu maksimi, on joukkueen sovittava pelis\u00e4\u00e4nt\u00f6keskusteluissaan, miten peluuttaminen toteutuu kaikkien joukkueen toimintaan osallistuvien kesken.<\/p>\n<p><strong>YLEISI\u00c4 OHJEITA KAIKILLE LEIKKIMAAILMAN IK\u00c4LUOKILLE:<\/strong><\/p>\n<p>Vaihdot ovat edestakaiset ja lent\u00e4v\u00e4t. Pelinohjaaja k\u00e4ytt\u00e4\u00e4 vain vihre\u00e4\u00e4 erotuomarikorttia. Tilanteen niin vaatiessa pelaajaa voidaan huomauttaa tai h\u00e4net voidaan jopa poistaa kent\u00e4lt\u00e4, mutta joukkue saa jatkaa t\u00e4ysilukuisena. Paitsios\u00e4\u00e4nt\u00f6 ei ole voimassa. Joukkue saa ottaa kent\u00e4lle yhden lis\u00e4pelaajan, kun vastustaja johtaa v\u00e4hint\u00e4\u00e4n viidell\u00e4 (5) maalilla. Etu menetet\u00e4\u00e4n eron v\u00e4hentyess\u00e4 kahteen (2) maaliin.<\/p>\n<p>Kulmapotku potkaistaan kent\u00e4n kulmasta. Jos kentt\u00e4 on leve\u00e4mpi kuin suosituskoko, potkaistaan kulma suosituskoon mukaiselta et\u00e4isyydelt\u00e4.<\/p>\n<p>Vastustajien on oltava aloituspotkuissa, vapaapotkuissa, maaliheitoissa, kulmapotkuissa ja rangaistuspotkuissa v\u00e4hint\u00e4\u00e4n 5,5 metrin et\u00e4isyydell\u00e4 pallosta. Kent\u00e4n pituuden pit\u00e4\u00e4 aina olla leveytt\u00e4 suurempi.<\/p>\n<p>5v5 \u2013 pelimuodossa maalipotkun tilalla on maaliheitto. Maaliheitto heitet\u00e4\u00e4n mist\u00e4 tahansa osasta rangaistusaluetta. Maalivahti ei saa tehd\u00e4 maalia suoraan omalta rangaistusalueeltaan. Peliss\u00e4 olevan pallon maalivahti saa potkaista k\u00e4sist\u00e4\u00e4n. 5v5 \u2013peliss\u00e4 maalin tekeminen suoraan aloituspotkusta johtaa maalin hylk\u00e4\u00e4miseen ja maaliheittoon vastustajalle.<\/p>\n<p><strong>JALKAPALLON KAVERIMAAILMA\u00a0(12 \u2013 15 -vuotiaat tyt\u00f6t ja pojat)<\/strong><\/p>\n<p>Jalkapallon Kaverimaailmassa jokaisella tyt\u00f6ll\u00e4 ja pojalla on oikeus ohjattuun, monipuoliseen ja turvalliseen harrastamiseen. Kaveruus, yksil\u00f6llisyyden kunnioittaminen ja hyv\u00e4ksyminen sek\u00e4 opettaminen ja yksil\u00f6llisen oppimisen tukeminen ovat ik\u00e4vaiheen kannalta keskeisi\u00e4 tavoitteita. Eritt\u00e4in t\u00e4rke\u00e4t\u00e4 on huomioida pelaajien erilaiset tarpeet ja mahdollisuus osallistua joukkueen toimintaan. Pelaajia kannustetaan harjoittelemaan my\u00f6s seuran ohjattujen harjoitusten ulkopuolella.<\/p>\n<p><strong>OPERAATIO PELIS\u00c4\u00c4NN\u00d6T<\/strong><\/p>\n<p>Jokaisessa toimintaan osallistuvassa joukkueessa tehd\u00e4\u00e4n Operaatio Pelis\u00e4\u00e4nn\u00f6t. Pelis\u00e4\u00e4nt\u00f6keskustelut k\u00e4yd\u00e4\u00e4n seuran oman kasvatuksen ja ohjauksen linjan pohjalta. Kaverimaailmaik\u00e4isten joukkueiden on sovittava ainakin peluuttamisesta, joukkueen pelaajien ja taustojen\/vanhempien p\u00e4ihteett\u00f6myydest\u00e4 harrastustapahtumissa sek\u00e4 varmistettava my\u00f6nteinen ja kannustava suhtautuminen muihin harrastuksiin.<\/p>\n<p><strong>VAIHTO-, PAITSIO- JA JOKERIPELAAJA S\u00c4\u00c4NN\u00d6T<\/strong><\/p>\n<p>Vaihdot ovat edestakaiset ja lent\u00e4v\u00e4t. 5v5 -peleiss\u00e4 paitsios\u00e4\u00e4nt\u00f6 ei ole voimassa. 8v8 -peleiss\u00e4 on voimassa normaali puolen kent\u00e4n paitsios\u00e4\u00e4nt\u00f6. 5v5 ja 8v8 -peleiss\u00e4 joukkue saa ottaa kent\u00e4lle yhden lis\u00e4pelaajan, kun vastustaja johtaa v\u00e4hint\u00e4\u00e4n viidell\u00e4 (5) maalilla. Etu menetet\u00e4\u00e4n eron v\u00e4hentyess\u00e4 kahteen (2) maaliin.<\/p>\n<p>Kulmapotku potkaistaan Kaverimaailman ik\u00e4luokissa kaikissa pelimuodoissa kent\u00e4n kulmasta.<\/p>\n<p>Maalipotku potkaistaan maalialueelta (max. 4m maalirajasta). Vastustajien on oltava aloitus-, vapaa-, kulma- ja rangaistuspotkuissa v\u00e4hint\u00e4\u00e4n 5,5 metrin p\u00e4\u00e4ss\u00e4 pallosta.<\/p>\n","protected":false},"excerpt":{"rendered":"<p>Palloliiton Kaikki Pelaa -s\u00e4\u00e4nt\u00f6jen p\u00e4\u00e4kohdat JALKAPALLON LEIKKIMAAILMA\u00a0(11-vuotiaat ja sit\u00e4 nuoremmat tyt\u00f6t ja pojat) Jalkapallon Leikkimaailmassa jokaisella tyt\u00f6ll\u00e4 ja pojalla on oikeus monipuoliseen ja turvalliseen harrastamiseen aikuisen ohjauksessa. Leikki on paras tapa oppia ja kokeilla uusia sek\u00e4 kehitt\u00e4\u00e4 aikaisemmin opittuja taitoja. Opettaminen ja monipuolisen oppimisen varmistaminen ovat ik\u00e4vaiheelle keskeisi\u00e4 tavoitteita. Toimintaa j\u00e4rjestet\u00e4\u00e4n lapsen l\u00e4ht\u00f6kohdista ja lapsia [&hellip;]<\/p>\n","protected":false},"author":6,"featured_media":0,"parent":16,"menu_order":1,"comment_status":"closed","ping_status":"closed","template":"juniorit.php","meta":{"_acf_changed":false,"footnotes":"","_links_to":"","_links_to_target":""},"class_list":["post-19","page","type-page","status-publish","hentry"],"acf":[],"aioseo_notices":[],"_links":{"self":[{"href":"https:\/\/tampereunited.fi\/juniorit\/wp-json\/wp\/v2\/pages\/19","targetHints":{"allow":["GET"]}}],"collection":[{"href":"https:\/\/tampereunited.fi\/juniorit\/wp-json\/wp\/v2\/pages"}],"about":[{"href":"https:\/\/tampereunited.fi\/juniorit\/wp-json\/wp\/v2\/types\/page"}],"author":[{"embeddable":true,"href":"https:\/\/tampereunited.fi\/juniorit\/wp-json\/wp\/v2\/users\/6"}],"replies":[{"embeddable":true,"href":"https:\/\/tampereunited.fi\/juniorit\/wp-json\/wp\/v2\/comments?post=19"}],"version-history":[{"count":8,"href":"https:\/\/tampereunited.fi\/juniorit\/wp-json\/wp\/v2\/pages\/19\/revisions"}],"predecessor-version":[{"id":316,"href":"https:\/\/tampereunited.fi\/juniorit\/wp-json\/wp\/v2\/pages\/19\/revisions\/316"}],"up":[{"embeddable":true,"href":"https:\/\/tampereunited.fi\/juniorit\/wp-json\/wp\/v2\/pages\/16"}],"wp:attachment":[{"href":"https:\/\/tampereunited.fi\/juniorit\/wp-json\/wp\/v2\/media?parent=19"}],"curies":[{"name":"wp","href":"https:\/\/api.w.org\/{rel}","templated":true}]}}