{"id":16,"date":"2017-02-05T19:54:20","date_gmt":"2017-02-05T17:54:20","guid":{"rendered":"https:\/\/tampereunited.fi\/junnut\/?page_id=16"},"modified":"2019-02-13T08:53:03","modified_gmt":"2019-02-13T06:53:03","slug":"saannot","status":"publish","type":"page","link":"https:\/\/tampereunited.fi\/juniorit\/saannot\/","title":{"rendered":"S\u00e4\u00e4nn\u00f6t"},"content":{"rendered":"<p>Tampere Unitedin kaupunginosajoukkueet pelaavat vuonna 2019 Futisklubissa, jolloin he noudattavat my\u00f6s Futisklubin s\u00e4\u00e4nt\u00f6j\u00e4. On t\u00e4rke\u00e4\u00e4 ett\u00e4 joukkueet tutustuvat n\u00e4ihin s\u00e4\u00e4nt\u00f6ihin ja sitoutuvat niiden tarkkaan noudattamiseen.<\/p>\n<p>S\u00e4\u00e4nt\u00f6kokoelmat l\u00f6ytyv\u00e4t allaolevista linkeist\u00e4. Jos s\u00e4\u00e4nt\u00f6jen v\u00e4lill\u00e4 on ristiriitaa tai ep\u00e4selvyytt\u00e4, ovat s\u00e4\u00e4nn\u00f6t voimassa seuraavassa j\u00e4rjestyksess\u00e4:<\/p>\n<ol>\n<li><a href=\"https:\/\/tampereunited.fi\/juniorit\/saannot\/palloliiton-kaikki-pelaa-saannot\/\">Palloliiton Kaikki Pelaa -s\u00e4\u00e4nn\u00f6t<\/a><\/li>\n<li><a href=\"https:\/\/tampereunited.fi\/juniorit\/saannot\/kilpailusaannot\/\">Futisklubin kilpailus\u00e4\u00e4nn\u00f6t<\/a><\/li>\n<li><a href=\"https:\/\/tampereunited.fi\/juniorit\/saannot\/pelisaannot\/\">Futisklubin pelis\u00e4\u00e4nn\u00f6t<\/a><\/li>\n<li><a href=\"https:\/\/tampereunited.fi\/juniorit\/saannot\/jalkapallosaannot\/\">Palloliiton Jalkapallos\u00e4\u00e4nt\u00f6jen p\u00e4\u00e4kohdat<\/a><\/li>\n<\/ol>\n","protected":false},"excerpt":{"rendered":"<p>Tampere Unitedin kaupunginosajoukkueet pelaavat vuonna 2019 Futisklubissa, jolloin he noudattavat my\u00f6s Futisklubin s\u00e4\u00e4nt\u00f6j\u00e4. On t\u00e4rke\u00e4\u00e4 ett\u00e4 joukkueet tutustuvat n\u00e4ihin s\u00e4\u00e4nt\u00f6ihin ja sitoutuvat niiden tarkkaan noudattamiseen. S\u00e4\u00e4nt\u00f6kokoelmat l\u00f6ytyv\u00e4t allaolevista linkeist\u00e4. Jos s\u00e4\u00e4nt\u00f6jen v\u00e4lill\u00e4 on ristiriitaa tai ep\u00e4selvyytt\u00e4, ovat s\u00e4\u00e4nn\u00f6t voimassa seuraavassa j\u00e4rjestyksess\u00e4: Palloliiton Kaikki Pelaa -s\u00e4\u00e4nn\u00f6t Futisklubin kilpailus\u00e4\u00e4nn\u00f6t Futisklubin pelis\u00e4\u00e4nn\u00f6t Palloliiton Jalkapallos\u00e4\u00e4nt\u00f6jen p\u00e4\u00e4kohdat<\/p>\n","protected":false},"author":6,"featured_media":0,"parent":0,"menu_order":4,"comment_status":"closed","ping_status":"closed","template":"juniorit.php","meta":{"_acf_changed":false,"footnotes":"","_links_to":"","_links_to_target":""},"class_list":["post-16","page","type-page","status-publish","hentry"],"acf":[],"aioseo_notices":[],"_links":{"self":[{"href":"https:\/\/tampereunited.fi\/juniorit\/wp-json\/wp\/v2\/pages\/16","targetHints":{"allow":["GET"]}}],"collection":[{"href":"https:\/\/tampereunited.fi\/juniorit\/wp-json\/wp\/v2\/pages"}],"about":[{"href":"https:\/\/tampereunited.fi\/juniorit\/wp-json\/wp\/v2\/types\/page"}],"author":[{"embeddable":true,"href":"https:\/\/tampereunited.fi\/juniorit\/wp-json\/wp\/v2\/users\/6"}],"replies":[{"embeddable":true,"href":"https:\/\/tampereunited.fi\/juniorit\/wp-json\/wp\/v2\/comments?post=16"}],"version-history":[{"count":15,"href":"https:\/\/tampereunited.fi\/juniorit\/wp-json\/wp\/v2\/pages\/16\/revisions"}],"predecessor-version":[{"id":1544,"href":"https:\/\/tampereunited.fi\/juniorit\/wp-json\/wp\/v2\/pages\/16\/revisions\/1544"}],"wp:attachment":[{"href":"https:\/\/tampereunited.fi\/juniorit\/wp-json\/wp\/v2\/media?parent=16"}],"curies":[{"name":"wp","href":"https:\/\/api.w.org\/{rel}","templated":true}]}}